 i be (6/15)/(3/30). Suppose -v - 249 = -i*g, -166 - 17 = -3*g - 3*v. What is the remainder when g is divided by 21?
20
Let c(f) = -f**3 + 5*f**2 + 6*f. Let x be c(6). Let j(s) = -s**3 + s + 6. What is the remainder when 22 is divided by j(x)?
4
Let z = 6 - 4. Suppose -a + 4*r + 0 = 18, r - 9 = -z*a. Calculate the remainder when (1 - (-5)/(-3))*-9 is divided by a.
0
Let s = 148 + -54. What is the remainder when s is divided by 12?
10
Suppose 7*i - 70 = -0*i. What is the remainder when 36 is divided by i?
6
Let h(v) = -3*v**2 - v - 2. Let y be h(-2). Let g = y - -37. Let n(m) = -m**3 + 5*m**2 + 4*m - 7. Calculate the remainder when g is divided by n(5).
12
Let t = 0 + 5. What is the remainder when t*(0 - 8/(-10)) is divided by 3?
1
Let w(o) = -o. Let s(i) = -4*i - 13. Let m(p) = -s(p) + 5*w(p). Calculate the remainder when 10 is divided by m(9).
2
Suppose -4*z = -8, -5*g - 3*z - 2*z = -25. Let m be g/(-6) - (-51)/2. Let r = 15 + m. What is the remainder when r is divided by 14?
12
Let p = 2 - 2. Suppose -4*l = -p*l. What is the remainder when (-56)/(-3 - -1) - l is divided by 15?
13
Let d(s) = 6*s + 1. Let q be d(1). Let w = -11 + 15. Let n = q - w. Calculate the remainder when 7 is divided by n.
1
Let b = 8 + -4. Suppose -h - b*h = -130. Suppose -20 = -5*a + 25. What is the remainder when h is divided by a?
8
Suppose 2 = 2*f - 3*q - 5, -2*f = q - 3. Let d = f + 1. Suppose 0 = -d*h + h + 40. What is the remainder when h is divided by 11?
9
Let v(z) = -20*z**3 + 2*z**2 - z - 2. Calculate the remainder when 39 is divided by v(-1).
18
Let u(t) = 2*t**3 - 2*t**2 + 3*t - 5. What is the remainder when 25 is divided by u(2)?
7
Let q(k) = -k + 17. Suppose 5*f = -2*m + 4*m - 17, 3*f - 15 = -3*m. What is the remainder when (-292)/(-6) + 2/m is divided by q(0)?
15
Suppose -34 = -8*h + 70. What is the remainder when 23 is divided by h?
10
Let a = -263 - -420. What is the remainder when a is divided by 41?
34
Let y(u) = u**2 + 14*u + 10. What is the remainder when y(-15) is divided by 14?
11
Let v = 84 + -45. Suppose 5*s = 229 - v. Suppose 3*k - s = k. Calculate the remainder when 56 is divided by k.
18
Let i(x) = -x**2 - 11*x + 11. Calculate the remainder when 43 is divided by i(-11).
10
Suppose -3*n - 22 = -4. Let z be -2*1/n*-3. Let w = 2 - z. Calculate the remainder when 5 is divided by w.
2
Suppose 3*w = 9, r + 3*w = -0*w + 21. Let t(m) = 8 - 2*m + 0*m + 3*m + 14. Calculate the remainder when t(0) is divided by r.
10
Suppose -h = 2*h - 18. Let a = 12 - h. Suppose 2*y - 4*w - a = 0, -4*y + 21 = -5*w - 6. What is the remainder when y is divided by 4?
1
Let t = -137 - -245. Calculate the remainder when t is divided by 22.
20
Let i be (1 - 5)*(-2)/4. Suppose q = -3*q + 20. Let h = q - i. What is the remainder when 8 is divided by h?
2
Let o(n) = 6*n + 7. Let u(i) = -7*i - 7. Let p(g) = 6*o(g) + 5*u(g). Calculate the remainder when 25 is divided by p(6).
12
What is the remainder when 126/5*(-15)/(-6) is divided by 22?
19
Suppose -4*n = -5*n. Suppose n*t + 3*t = 18. Calculate the remainder when -1 - -18 - (-4 + 4) is divided by t.
5
Suppose 0 = -d + 5*a + 44, 4*d - 5*a - 69 = 32. Calculate the remainder when 56 is divided by d.
18
Let o = -3 + 7. Suppose 0 = -5*z + 3*a + 139, o*z = 3*z + 2*a + 25. What is the remainder when z is divided by 15?
14
Suppose -4*r - 5 = 4*b + b, -4*b - 4 = 0. Suppose -2*v + 39 = k + 2*k, -2*k - 3*v + 21 = r. Calculate the remainder when 29 is divided by k.
14
Suppose -27 = -4*y + 109. Let z be (-2)/(2/(-3)) + -1. Suppose z*x = -3*x + 90. What is the remainder when y is divided by x?
16
Let d(f) = -f**3 + 13*f**2 - 17*f + 22. What is the remainder when d(11) is divided by 21?
14
Suppose -5*t + 58 = -32. Calculate the remainder when t is divided by 4*(-4)/8 - -4 - -8.
8
Let n(h) = h**3 + 8*h**2 - 2*h - 3. Let z be (4/3)/(7/21). Suppose 0 = -z*g + 3*u + 37, 5*g - 1 - 28 = -2*u. What is the remainder when n(-8) is divided by g?
6
Let a(i) = i + 7. Let t be a(6). Let k = t + -21. Let z = -4 - k. What is the remainder when 7 is divided by z?
3
Suppose 0 = -5*d - 0*d + 10. What is the remainder when 5/(0 + (-3)/(-3)) is divided by d?
1
Let q(b) = 2*b - b + b**3 - 3*b + 4*b**2 - 2. Let r(m) = -36*m + 1. What is the remainder when r(-1) is divided by q(-3)?
11
Suppose 0*u + 6 = 3*u. Suppose -100 = -7*l + u*l. What is the remainder when 58 is divided by l?
18
Let u be 2 - (-1 + -1) - -1. Suppose -89 = -u*z - 4. Calculate the remainder when 32 is divided by z.
15
Let h(f) = -f - 3. Let m be h(-3). Suppose 5*w + 3*g + 0*g - 160 = m, 5*w + g = 170. Suppose 9*o - 45 = 4*o. Calculate the remainder when w is divided by o.
8
Let l(m) = 4*m**2 + 23*m - 7. Calculate the remainder when l(-7) is divided by 9.
1
Let d = -3 - -7. Suppose -d*j = -j - 15. Calculate the remainder when (64/10 + -2)*j is divided by 8.
6
Let h(s) = -5*s + 83. Calculate the remainder when h(-7) is divided by 10.
8
Let z(f) be the first derivative of -f**4/4 - 11*f**3/3 + 6*f**2 + 17*f + 6. What is the remainder when 49 is divided by z(-12)?
15
Suppose 3*d - 136 = -d. What is the remainder when 98 is divided by d?
30
Let q = 7 - 13. Let i = 1 - -4. Calculate the remainder when i is divided by (-1)/3 - 14/q.
1
Let i be 2/6 + 2/(-6). Suppose u - 16 = -i*u. Suppose -9*h + 58 = -23. What is the remainder when u is divided by h?
7
Suppose 0 = -o + 3*o - 78. Calculate the remainder when o is divided by 8.
7
Suppose 4*k + 117 - 161 = 0. Calculate the remainder when 28 is divided by k.
6
Let j = -3 + 10. Calculate the remainder when 33 is divided by j.
5
Suppose 16 = d + c - 9, 2*c + 13 = d. Calculate the remainder when 38 is divided by d.
17
Suppose f - 4*s = 41, 0 = 5*f - 3*f - 5*s - 67. Calculate the remainder when 14 is divided by f/14 - 10/(-4).
2
Let l(o) = -o + 14. Suppose 50 = -i - 4*i - 5*w, -4*w = -5*i - 32. Calculate the remainder when 42 is divided by l(i).
20
Let r = -27 + 52. Suppose 4*q - 3*p = -0*q, -p = -q - 1. What is the remainder when r is divided by 14*(1 - q)/(-2)?
11
Let y(l) = l**3 - 5*l**2 - 11*l + 7. What is the remainder when y(7) is divided by 6?
4
Let q be ((-86)/(-3))/(1/(-3)). Let w = 130 + q. What is the remainder when w is divided by 12?
8
What is the remainder when 110/3 + 4/12 is divided by 10?
7
Let q(b) = b**3 + 10*b**2 + 8*b + 2. Calculate the remainder when 20 is divided by q(-9).
9
Let n(o) = -o + 11. Let y be n(11). Let x(r) = -r**3 - 2*r**2 + 5*r + 2*r + y*r**3 - 2 - 5*r. What is the remainder when 2 is divided by x(-3)?
0
Let y(z) = -3*z**3 + 0*z**2 - 5*z**2 + 2 + 3*z - 4*z. What is the remainder when y(-3) is divided by 22?
19
Suppose 2*m - 47 = -k, -k + 5*m - m = -23. Calculate the remainder when k is divided by 8.
7
Suppose -v - 2*a = -2*v + 60, 2*a = -4*v + 290. Calculate the remainder when v is divided by 18.
16
Suppose 4*q + 10 = 5*t + 79, -4*q - 3*t = -29. Suppose 3*m + 19 = 4*m. What is the remainder when (-2)/(2 - 4) + m is divided by q?
9
Let o(d) = d**3 - 10*d**2 + d + 1. Suppose 3*z + u - 95 = 0, -8 = -4*z + 2*u + 102. What is the remainder when z is divided by o(10)?
8
Let x = 5 + -2. Calculate the remainder when 11/4 - x/(-12) is divided by 3.
0
Let g(o) = o**2 + 9*o + 13. Let d be g(-9). Suppose -2 = -n + m + d, 4*n + 4*m = 60. Suppose 3*l - n - 18 = 0. What is the remainder when 30 is divided by l?
8
Suppose -p + 6*p + 90 = 0. What is the remainder when 5 is divided by (-1)/(-2*(-3)/p)?
2
Calculate the remainder when 2/16 + 958/16 is divided by 21.
18
Let n(l) be the third derivative of 23/6*l**3 + l**2 + 0 + 1/60*l**5 + 1/24*l**4 + 0*l. What is the remainder when n(0) is divided by 8?
7
Let w be 36/10 - (-2)/5. Suppose 2*n - 2 = 0, g - 2*n - 3 = -1. Suppose -g*k = -4*l + 16, -w*k + 1 = 3*l + 10. Calculate the remainder when l is divided by 1.
0
Suppose 8*p = 3*p + 4*a + 24, -p = a - 3. Suppose 5*j + 4*m = 3*m + 50, 4*j = p*m + 40. Calculate the remainder when j is divided by 3.
1
Let d(x) = 19*x. What is the remainder when 132 is divided by d(1)?
18
Suppose -l = 2*l - 33. Calculate the remainder when l is divided by 6.
5
Let z = -3 - -5. Suppose z*t = t. Suppose 0 = 3*f - t*f - 21. Calculate the remainder when 27 is divided by f.
6
Suppose -96 = -2*o + 4*i, 5*o - 4*i - 208 = -2*i. Suppose -28 = -5*m + 42. Calculate the r